2333 a prime number?
True
Is 70937 a composite number?
False
Is 43177 prime?
True
Is 2161961 prime?
False
Is 977879 composite?
True
Is 28901 a composite number?
False
Is 182327 a prime number?
False
Is 3809 a prime number?
False
Is 40643 a prime number?
False
Is 18623 prime?
False
Is 4327 a prime number?
True
Is 482777 a composite number?
True
Is 1443655 a prime number?
False
Is 8065 a prime number?
False
Is 5587 a prime number?
False
Is 673 prime?
True
Is 1099 a prime number?
False
Is 8051 a composite number?
True
Is 3409 prime?
False
Is 285007 a prime number?
True
Is 319 a prime number?
False
Is 10007 prime?
True
Is 5102 a composite number?
True
Is 1193 composite?
False
Is 26303 a composite number?
True
Is 327281 prime?
False
Is 68261 a prime number?
True
Is 36251 a composite number?
False
Is 37159 a composite number?
False
Is 82451 composite?
True
Is 300449 a prime number?
False
Is 105887 a prime number?
False
Is 285793 prime?
False
Is 9301 prime?
False
Is 620227 a prime number?
True
Is 8843 prime?
False
Is 59441 a prime number?
True
Is 3043 a composite number?
True
Is 22465 a prime number?
False
Is 5723 prime?
False
Is 134033 a composite number?
False
Is 22871 prime?
True
Is 2157 composite?
True
Is 16847 composite?
True
Is 2927 a prime number?
True
Is 19263 composite?
True
Is 122993 composite?
True
Is 13859 prime?
True
Is 43841 prime?
False
Is 3277 composite?
True
Is 1801 composite?
False
Is 68311 a composite number?
False
Is 91 composite?
True
Is 136691 a composite number?
False
Is 28201 composite?
False
Is 36773 prime?
False
Is 308897 composite?
True
Is 436231 a composite number?
False
Is 51215 a prime number?
False
Is 593 a prime number?
True
Is 16787 a composite number?
False
Is 1768303 a composite number?
False
Is 2017 a prime number?
True
Is 475667 a composite number?
True
Is 12571 composite?
True
Is 1446059 a composite number?
False
Is 161717 a prime number?
True
Is 119591 prime?
True
Is 2429 a prime number?
False
Is 69413 a composite number?
True
Is 94034 composite?
True
Is 14923 a prime number?
True
Is 19067 composite?
True
Is 15395 a prime number?
False
Is 540901 a prime number?
True
Is 15959 prime?
True
Is 2580887 a prime number?
True
Is 100649 a prime number?
True
Is 10898 composite?
True
Is 283601 prime?
True
Is 10133 a prime number?
True
Is 312371 a composite number?
False
Is 1797 a composite number?
True
Is 7789 a prime number?
True
Is 248723 a composite number?
False
Is 57329 a composite number?
False
Is 306121 prime?
True
Is 6899 prime?
True
Is 3229 prime?
True
Is 403255 a composite number?
True
Is 64673 prime?
False
Is 483739 prime?
False
Is 43961 a prime number?
True
Is 163019 a prime number?
True
Is 878905 a composite number?
True
Is 11539 composite?
True
Is 36107 a prime number?
True
Is 974401 composite?
False
Is 552323 a prime number?
False
Is 157503 a prime number?
False
Is 16999 composite?
True
Is 36103 prime?
False
Is 1839291 prime?
False
Is 391 a prime number?
False
Is 1043 prime?
False
Is 237619 prime?
True
Is 4481 a composite number?
False
Is 5917 a composite number?
True
Is 139477 composite?
True
Is 31531 a prime number?
True
Is 927229 prime?
True
Is 709535 a composite number?
True
Is 330662 a prime number?
False
Is 161 composite?
True
Is 77137 a composite number?
False
Is 64705 prime?
False
Is 74521 composite?
False
Is 11589 composite?
True
Is 176629 a prime number?
True
Is 100281 a prime number?
False
Is 235429 a composite number?
True
Is 1187 composite?
False
Is 836321 prime?
False
Is 655807 a prime number?
True
Is 134065 prime?
False
Is 140827 a composite number?
False
Is 2999 a composite number?
False
Is 21657 a composite number?
True
Is 210437 a prime number?
True
Is 382097 a composite number?
True
Is 6581 prime?
True
Is 16183 prime?
True
Is 192181 prime?
False
Is 853 prime?
True
Is 8543 prime?
True
Is 6449 a prime number?
True
Is 52859 prime?
True
Is 68363 composite?
True
Is 149015 a composite number?
True
Is 2051 a prime number?
False
Is 8665 a composite number?
True
Is 179629 composite?
True
Is 140099 composite?
True
Is 7039 composite?
False
Is 96643 prime?
True
Is 176123 a prime number?
True
Is 16477 prime?
True
Is 19813 composite?
False
Is 10579 a prime number?
False
Is 873403 a composite number?
False
Is 137647 a composite number?
True
Is 4237 a composite number?
True
Is 533 a composite number?
True
Is 2243 a composite number?
False
Is 91283 a composite number?
False
Is 1243 prime?
False
Is 12029 prime?
False
Is 21621 prime?
False
Is 6445 a prime number?
False
Is 66337 a prime number?
True
Is 273551 a composite number?
False
Is 9773 prime?
False
Is 12419 prime?
False
Is 34019 a prime number?
True
Is 30209 prime?
False
Is 45233 a prime number?
True
Is 421909 prime?
False
Is 6189 a composite number?
True
Is 918389 a composite number?
False
Is 72421 a prime number?
True
Is 36535 a composite number?
True
Is 868706 a composite number?
True
Is 94763 a prime number?
False
Is 4709 composite?
True
Is 171697 a composite number?
False
Is 18839 a prime number?
True
Is 3989 a composite number?
False
Is 82741 composite?
True
Is 484289 composite?
True
Is 23899 a composite number?
False
Is 7009 a prime number?
False
Is 9799 prime?
False
Is 8287 composite?
False
Is 2783569 composite?
True
Is 193811 prime?
True
Is 6803 prime?
True
Is 68506 prime?
False
Is 653149 a composite number?
True
Is 9031 a composite number?
True
Is 15419 composite?
True
Is 1355533 a composite number?
False
Is 18949 prime?
False
Is 6709 a composite number?
False
Is 10102 prime?
False
Is 39607 prime?
True
Is 8857 prime?
False
Is 102623 prime?
False
Is 5413 composite?
False
Is 312959 composite?
True
Is 29173 composite?
False
Is 1284422 a composite number?
True
Is 3187595 a composite number?
True
Is 61141 a composite number?
False
Is 795137 a prime number?
False
Is 2349377 prime?
False
Is 15293 a composite number?
True
Is 68329 prime?
True
Is 54251 prime?
True
Is 3613 composite?
False
Is 137453 a composite number?
False
Is 15623 prime?
False
Is 56309 a composite number?
True
Is 6619 composite?
False
Is 85037 prime?
True
Is 36753 prime?
False
Is 4153 a prime number?
True
Is 965309 a composite number?
True
Is 1225903 prime?
False
Is 146609 a composite number?
False
Is 13579 prime?
False
Is 378683 composite?
False
Is 7433 a composite number?
False
Is 52703 prime?
False
Is 911713 composite?
True
Is 164071 composite?
False
Is 260941 a prime number?
True
Is 957263 a composite number?
False
Is 161723 composite?
True
Is 1112873 a composite number?
True
Is 12713 prime?
True
Is 822941 composite?
True
Is 991 composite?
False
Is 14969 a prime number?
True
Is 30011 a composite number?
False
Is 380155 prime?
False
Is 1346273 a prime number?
True
Is 889741 a prime number?
False
Is 5569 a prime number?
True
Is 250919 a composite number?
False
Is 69361 composite?
True
Is 527 prime?
False
Is 27533 a composite number?
True
Is 37619 prime?
True
Is 120307 prime?
False
Is 11887 composite?
False
Is 973157 composite?
True
Is 28697 a prime number?
True
Is 136013 prime?
True
Is 275773 prime?
True
Is 2257633 a composite number?
True
Is 86399 a composite number?
False
Is 60251 prime?
True
Is 329762 a prime number?
False
Is 289929 a prime number?
False
Is 41963 a prime number?
False
Is 67477 composite?
False
Is 6805 a prime number?
False
Is 8689 composite?
False
Is 13841 a prime number?
True
Is 66457 a prime number?
True
Is 32839 composite?
False
Is 18119 composite?
False
Is 159709 a composite number?
True
Is 14081 a composite number?
False
Is 38197 composite?
False
Is 185561 a composite number?
True
Is 882083 a prime number?
True
Is 196643 a composite number?
False
Is 1100503 a prime number?
True
Is 799285 a composite number?
True
Is 527 prime?
False
Is 4153 prime?
True
Is 32641 a composite number?
True
Is 154351 composite?
False
Is 48721 a prime number?
False
Is 573437 prime?
True
Is 71051 composite?
True
Is 45931 prime?
False
Is 15937 prime?
True
Is 467319 prime?
False
Is 17077 prime?
True
Is 119653 composite?
False
Is 1982135 a composite number?
True
Is 477607 a composite number?
True
Is 166781 a composite number?
False
Is 44867 a composite number?
False
Is 20017 a prime number?
False
Is 7465 composite?
True
Is 17041 a composite number?
False
Is 59191 a composite num